{"id":2525,"date":"2019-10-28T12:58:12","date_gmt":"2019-10-28T11:58:12","guid":{"rendered":"http:\/\/euwp08.newsmemory.com\/gardaseezeitung_new\/de\/?page_id=2525"},"modified":"2023-03-10T15:32:54","modified_gmt":"2022-10-11T15:32:54","slug":"blattern","status":"publish","type":"page","link":"https:\/\/www.gardaseezeitung.it\/blattern\/","title":{"rendered":"Formular"},"content":{"rendered":"<p style=\"text-align: justify\">Private Anzeigen sind v\u00f6llig kostenlos (maximal 300 Zeichen, maximal 1 Foto). Die Ver\u00f6ffentlichung liegt im Ermessen der Redaktion. Bezahlte Anzeigen sind f\u00fcr gewerbliche und Immobilienanzeigen m\u00f6glich (Kontakt info@gardaseezeitung.it)<\/p>\n<p>Email: <a href=\"mailto:info@gardaseezeitung.it\">info@gardaseezeitung.it<\/a><\/p>\n<p>Gli annunci privati sono completamente gratuiti (massimo 300 caratteri, massimo 1 foto). La pubblicazione sar\u00e0 a discrezione della redazione. Per gli annunci commerciali e immobiliari sono disponibili le inserzioni a pagamento (contattare info@gardaseezeitung.it)<\/p>\n","protected":false},"excerpt":{"rendered":"","protected":false},"author":1,"featured_media":0,"parent":0,"menu_order":1572267492,"comment_status":"closed","ping_status":"closed","template":"","meta":[],"_links":{"self":[{"href":"https:\/\/www.gardaseezeitung.it\/gardaseezeitung_new\/de\/wp-json\/wp\/v2\/pages\/2525"}],"collection":[{"href":"https:\/\/www.gardaseezeitung.it\/gardaseezeitung_new\/de\/wp-json\/wp\/v2\/pages"}],"about":[{"href":"https:\/\/www.gardaseezeitung.it\/gardaseezeitung_new\/de\/wp-json\/wp\/v2\/types\/page"}],"author":[{"embeddable":true,"href":"https:\/\/www.gardaseezeitung.it\/gardaseezeitung_new\/de\/wp-json\/wp\/v2\/users\/1"}],"replies":[{"embeddable":true,"href":"https:\/\/www.gardaseezeitung.it\/gardaseezeitung_new\/de\/wp-json\/wp\/v2\/comments?post=2525"}],"version-history":[{"count":5,"href":"https:\/\/www.gardaseezeitung.it\/gardaseezeitung_new\/de\/wp-json\/wp\/v2\/pages\/2525\/revisions"}],"predecessor-version":[{"id":12850,"href":"https:\/\/www.gardaseezeitung.it\/gardaseezeitung_new\/de\/wp-json\/wp\/v2\/pages\/2525\/revisions\/12850"}],"wp:attachment":[{"href":"https:\/\/www.gardaseezeitung.it\/gardaseezeitung_new\/de\/wp-json\/wp\/v2\/media?parent=2525"}],"curies":[{"name":"wp","href":"https:\/\/api.w.org\/{rel}","templated":true}]}}

<p style="text-align: justify">Private Anzeigen sind völlig kostenlos (maximal 300 Zeichen, maximal 1 Foto). Die Veröffentlichung liegt im Ermessen der Redaktion. Bezahlte Anzeigen sind für gewerbliche und Immobilienanzeigen möglich (Kontakt info@gardaseezeitung.it)</p>
<p>Email: <a href="mailto:info@gardaseezeitung.it">info@gardaseezeitung.it</a></p>
<p>Gli annunci privati sono completamente gratuiti (massimo 300 caratteri, massimo 1 foto). La pubblicazione sarà a discrezione della redazione. Per gli annunci commerciali e immobiliari sono disponibili le inserzioni a pagamento (contattare info@gardaseezeitung.it)</p>
