{"id":3933,"date":"2020-02-26T12:49:00","date_gmt":"2020-02-26T11:49:00","guid":{"rendered":"http:\/\/euwp08.newsmemory.com\/gardaseezeitung_new\/de\/ueber-maerkte-bummeln\/"},"modified":"2023-03-10T15:17:39","modified_gmt":"2022-10-11T15:17:39","slug":"ueber-maerkte-bummeln","status":"publish","type":"page","link":"https:\/\/www.gardaseezeitung.it\/ueber-maerkte-bummeln\/","title":{"rendered":"\u00dcber M\u00e4rkte bummeln"},"content":{"rendered":"<p><strong>Wochenm\u00e4rkte<\/strong><\/p>\n<p><em>Montag<\/em><br \/>\nColombare di Sirmione, Moniga, Peschiera,\u00a0 Pozzolengo,\u00a0 San Zeno di Montagna, Torri\u00a0 del\u00a0 Benaco<br \/>\n<em>Dienstag<\/em><br \/>\nCastelletto di Brenzone, Castelnuovo, Cisano (bis 14:30 Uhr), Desenzano, Limone (1.4.-31.10.), Tignale (1.4.-30.9.), Torbole\u00a0 (2. u. 4. im Monat)<br \/>\n<em>Mittwoch<\/em><br \/>\nArco (1. u. 3. im Monat), Gargnano (alle 2 Wochen), Lazise, Riva del Garda (2. und 4.\u00a0 im Monat), San Felice del Benaco<br \/>\n<em>Donnerstag<\/em><br \/>\nBardolino, Bussolengo, Lonato,\u00a0 Toscolano-Maderno<br \/>\n<em>Freitag<\/em><br \/>\nGarda, Lugana di Sirmione, Manerba, Soiano<br \/>\n<em>Samstag<\/em><br \/>\nCaprino, Lazise\u00a0 (Pacengo), Malcesine, Padenghe, Polpenazze, Sal\u00f3, San Martino della Battaglia, Valeggio sul Mincio<br \/>\n<em>Sonntag<\/em><br \/>\nRivoltella, S. Ambrogio di Valpolicella<\/p>\n<p><b>Antiquit\u00e4tenm\u00e4rkte<\/b><\/p>\n<p><em>1. So. im Monat<\/em>\u00a0Desenzano (au\u00dfer Aug.)<br \/>\n<em>3. So. im Monat<\/em>\u00a0Bardolino<br \/>\n<em>4. So. im Monat<\/em> Valeggio<\/p>\n<p><b>Bauernm\u00e4rkte<\/b><\/p>\n<p><em>Dienstag<\/em><br \/>\nBussolengo<br \/>\n<em>Mittwoch<\/em><br \/>\nArco,\u00a0 Malcesine, Torri, \u00a0Sirmione (Colombare)<br \/>\n<em>Donnerstag<\/em><br \/>\nDesenzano, Peschiera,\u00a0 Brenzone (Assenza)<br \/>\n<em>Freitag<\/em><br \/>\nLazise (Pacengo)<br \/>\n<em>Samstag<\/em><br \/>\nCalmasino di Bardolino (am Vormittag),\u00a0 Lonato<br \/>\n<em>Sonntag<\/em><br \/>\nCastelnuovo, \u00a0Polpenazze (Picedo),\u00a0 Costermano<\/p>\n<p><em>Die Gardasee Zeitung ist nicht verantwortlich f\u00fcr eventuelle \u00c4nderungen der Daten<\/em><\/p>\n<p>&nbsp;<\/p>\n<hr \/>\n<p>&nbsp;<\/p>\n","protected":false},"excerpt":{"rendered":"<p>Wochenm\u00e4rkte, Bauernm\u00e4rkte und Antiquit\u00e4tenm\u00e4rkte am Gardasee<\/p>\n","protected":false},"author":1,"featured_media":0,"parent":0,"menu_order":1582721340,"comment_status":"closed","ping_status":"closed","template":"","meta":[],"_links":{"self":[{"href":"https:\/\/www.gardaseezeitung.it\/gardaseezeitung_new\/de\/wp-json\/wp\/v2\/pages\/3933"}],"collection":[{"href":"https:\/\/www.gardaseezeitung.it\/gardaseezeitung_new\/de\/wp-json\/wp\/v2\/pages"}],"about":[{"href":"https:\/\/www.gardaseezeitung.it\/gardaseezeitung_new\/de\/wp-json\/wp\/v2\/types\/page"}],"author":[{"embeddable":true,"href":"https:\/\/www.gardaseezeitung.it\/gardaseezeitung_new\/de\/wp-json\/wp\/v2\/users\/1"}],"replies":[{"embeddable":true,"href":"https:\/\/www.gardaseezeitung.it\/gardaseezeitung_new\/de\/wp-json\/wp\/v2\/comments?post=3933"}],"version-history":[{"count":8,"href":"https:\/\/www.gardaseezeitung.it\/gardaseezeitung_new\/de\/wp-json\/wp\/v2\/pages\/3933\/revisions"}],"predecessor-version":[{"id":12846,"href":"https:\/\/www.gardaseezeitung.it\/gardaseezeitung_new\/de\/wp-json\/wp\/v2\/pages\/3933\/revisions\/12846"}],"wp:attachment":[{"href":"https:\/\/www.gardaseezeitung.it\/gardaseezeitung_new\/de\/wp-json\/wp\/v2\/media?parent=3933"}],"curies":[{"name":"wp","href":"https:\/\/api.w.org\/{rel}","templated":true}]}}

Über Märkte bummeln

<p><strong>Wochenmärkte</strong></p>
<p><em>Montag</em><br />
Colombare di Sirmione, Moniga, Peschiera,  Pozzolengo,  San Zeno di Montagna, Torri  del  Benaco<br />
<em>Dienstag</em><br />
Castelletto di Brenzone, Castelnuovo, Cisano (bis 14:30 Uhr), Desenzano, Limone (1.4.-31.10.), Tignale (1.4.-30.9.), Torbole  (2. u. 4. im Monat)<br />
<em>Mittwoch</em><br />
Arco (1. u. 3. im Monat), Gargnano (alle 2 Wochen), Lazise, Riva del Garda (2. und 4.  im Monat), San Felice del Benaco<br />
<em>Donnerstag</em><br />
Bardolino, Bussolengo, Lonato,  Toscolano-Maderno<br />
<em>Freitag</em><br />
Garda, Lugana di Sirmione, Manerba, Soiano<br />
<em>Samstag</em><br />
Caprino, Lazise  (Pacengo), Malcesine, Padenghe, Polpenazze, Saló, San Martino della Battaglia, Valeggio sul Mincio<br />
<em>Sonntag</em><br />
Rivoltella, S. Ambrogio di Valpolicella</p>
<p><b>Antiquitätenmärkte</b></p>
<p><em>1. So. im Monat</em> Desenzano (außer Aug.)<br />
<em>3. So. im Monat</em> Bardolino<br />
<em>4. So. im Monat</em> Valeggio</p>
<p><b>Bauernmärkte</b></p>
<p><em>Dienstag</em><br />
Bussolengo<br />
<em>Mittwoch</em><br />
Arco,  Malcesine, Torri,  Sirmione (Colombare)<br />
<em>Donnerstag</em><br />
Desenzano, Peschiera,  Brenzone (Assenza)<br />
<em>Freitag</em><br />
Lazise (Pacengo)<br />
<em>Samstag</em><br />
Calmasino di Bardolino (am Vormittag),  Lonato<br />
<em>Sonntag</em><br />
Castelnuovo,  Polpenazze (Picedo),  Costermano</p>
<p><em>Die Gardasee Zeitung ist nicht verantwortlich für eventuelle Änderungen der Daten</em></p>
<p>&nbsp;</p>
<hr />
<p>&nbsp;</p>

<p>Wochenmärkte, Bauernmärkte und Antiquitätenmärkte am Gardasee</p>
